vided by 130?
126
What is the remainder when 44331 is divided by 1578?
147
Calculate the remainder when 100877 is divided by 17.
16
What is the remainder when 7193 is divided by 43?
12
What is the remainder when 70203 is divided by 14038?
13
Calculate the remainder when 2497 is divided by 20.
17
What is the remainder when 111060 is divided by 17?
16
What is the remainder when 4303 is divided by 16?
15
What is the remainder when 2318 is divided by 229?
28
Calculate the remainder when 297557 is divided by 21.
8
What is the remainder when 7460 is divided by 50?
10
What is the remainder when 7549 is divided by 7537?
12
What is the remainder when 1753956 is divided by 40?
36
Calculate the remainder when 3892 is divided by 776.
12
Calculate the remainder when 160763 is divided by 231.
218
What is the remainder when 10178 is divided by 10165?
13
Calculate the remainder when 16922 is divided by 146.
132
Calculate the remainder when 3236 is divided by 1034.
134
Calculate the remainder when 3100 is divided by 3016.
84
Calculate the remainder when 18095 is divided by 174.
173
Calculate the remainder when 88065 is divided by 29354.
3
What is the remainder when 64022 is divided by 10?
2
Calculate the remainder when 39150 is divided by 1264.
1230
What is the remainder when 1057 is divided by 643?
414
What is the remainder when 53261 is divided by 20?
1
What is the remainder when 144828 is divided by 64?
60
What is the remainder when 14182 is divided by 418?
388
What is the remainder when 10662 is divided by 484?
14
What is the remainder when 529 is divided by 461?
68
Calculate the remainder when 37972 is divided by 60.
52
Calculate the remainder when 4390 is divided by 183.
181
What is the remainder when 5686 is divided by 1408?
54
Calculate the remainder when 52028 is divided by 215.
213
Calculate the remainder when 20435 is divided by 660.
635
Calculate the remainder when 2136 is divided by 103.
76
What is the remainder when 3530 is divided by 1936?
1594
Calculate the remainder when 3556 is divided by 3509.
47
What is the remainder when 3559 is divided by 20?
19
Calculate the remainder when 908 is divided by 473.
435
What is the remainder when 936374 is divided by 161?
159
What is the remainder when 423147 is divided by 236?
235
Calculate the remainder when 3811 is divided by 940.
51
What is the remainder when 10970 is divided by 146?
20
What is the remainder when 131130 is divided by 143?
142
What is the remainder when 995 is divided by 134?
57
Calculate the remainder when 8090 is divided by 202.
10
What is the remainder when 2360 is divided by 642?
434
Calculate the remainder when 14160 is divided by 59.
0
Calculate the remainder when 22756 is divided by 262.
224
Calculate the remainder when 358470 is divided by 15.
0
What is the remainder when 33470 is divided by 3716?
26
Calculate the remainder when 5820 is divided by 332.
176
What is the remainder when 98328 is divided by 19656?
48
Calculate the remainder when 130577 is divided by 10.
7
What is the remainder when 3009 is divided by 2904?
105
Calculate the remainder when 573054 is divided by 573050.
4
Calculate the remainder when 11879 is divided by 11786.
93
What is the remainder when 302 is divided by 23?
3
What is the remainder when 239613 is divided by 355?
343
Calculate the remainder when 32380 is divided by 3070.
1680
Calculate the remainder when 35851 is divided by 608.
587
What is the remainder when 11709 is divided by 3808?
285
Calculate the remainder when 21200 is divided by 53.
0
Calculate the remainder when 1427708 is divided by 16.
12
What is the remainder when 2530 is divided by 319?
297
Calculate the remainder when 81354 is divided by 40.
34
What is the remainder when 64602 is divided by 31?
29
What is the remainder when 1564 is divided by 310?
14
Calculate the remainder when 34647 is divided by 4317.
111
Calculate the remainder when 1043898 is divided by 110.
108
What is the remainder when 9830 is divided by 173?
142
What is the remainder when 246 is divided by 31?
29
Calculate the remainder when 24862 is divided by 2068.
46
Calculate the remainder when 9574 is divided by 9481.
93
Calculate the remainder when 28473 is divided by 291.
246
Calculate the remainder when 11198 is divided by 46.
20
What is the remainder when 609987 is divided by 102?
27
What is the remainder when 97146 is divided by 85?
76
Calculate the remainder when 71068 is divided by 345.
343
Calculate the remainder when 246853 is divided by 123425.
3
What is the remainder when 4284 is divided by 24?
12
Calculate the remainder when 98462 is divided by 32.
30
What is the remainder when 155315 is divided by 110?
105
Calculate the remainder when 15739 is divided by 7843.
53
What is the remainder when 786717 is divided by 165?
162
What is the remainder when 8916 is divided by 105?
96
What is the remainder when 526323 is divided by 16?
3
What is the remainder when 5060 is divided by 652?
496
What is the remainder when 77524 is divided by 23?
14
What is the remainder when 26238 is divided by 2353?
355
What is the remainder when 27450 is divided by 49?
10
What is the remainder when 9458 is divided by 44?
42
What is the remainder when 1235758 is divided by 20?
18
Calculate the remainder when 101024 is divided by 75.
74
Calculate the remainder when 28788 is divided by 121.
111
Calculate the remainder when 17573 is divided by 60.
53
Calculate the remainder when 11685 is divided by 38.
19
What is the remainder when 6575 is divided by 1078?
107
Calculate the remainder when 641 is divided by 104.
17
Calculate the remainder when 39364 is divided by 837.
25
What is the remainder when 39322 is divided by 143?
140
Calculate the remainder when 52452 is divided by 7492.
8
What is the remainder when 479250 is divided by 159749?
3
What is the remainder when 14154 is divided by 114?
18
What is the remainder when 209973 is divided by 283?
270
What is the remainder when 9500 is divided by 126?
50
What is the remainder when 9890 is divided by 171?
143
Calculate the remainder when 47852 is divided by 83.
44
Calculate the remainder when 1312 is divided by 404.
100
What is the remainder when 1287249 is divided by 7?
5
What is the remainder when 36529 is divided by 297?
295
Calculate the remainder when 1725 is divided by 370.
245
Calculate the remainder when 6654 is divided by 1652.
46
Calculate the remainder when 6826 is divided by 136.
26
What is the remainder when 20705 is divided by 802?
655
What is the remainder when 4687 is divided by 167?
11
Calculate the remainder when 70490 is divided by 538.
12
Calculate the remainder when 9688 is divided by 2332.
360
Calculate the remainder when 25763 is divided by 57.
56
Calculate the remainder when 882777 is divided by 294254.
15
What is the remainder when 3761 is divided by 1160?
281
Calculate the remainder when 4472 is divided by 409.
382
Calculate the remainder when 249160 is divided by 38.
32
Calculate the remainder when 70153 is divided by 6376.
17
Calculate the remainder when 215179 is divided by 10.
9
What is the remainder when 2846 is divided by 32?
30
Calculate the remainder when 172172 is divided by 355.
352
Calculate the remainder when 355148 is divided by 316.
280
What is the remainder when 28477 is divided by 2403?
2044
Calculate the remainder when 93960 is divided by 217.
216
Calculate the remainder when 139640 is divided by 27927.
5
Calculate the remainder when 166769 is divided by 23.
19
Calculate the remainder when 446158 is divided by 132.
130
Calculate the remainder when 4080 is divided by 875.
580
What is the remainder when 4460 is divided by 38?
14
What is the remainder when 827 is divided by 94?
75
Calculate the remainder when 124203 is divided by 14.
9
What is the remainder when 82171 is divided by 637?
635
What is the remainder when 156896 is divided by 98?
96
What is the remainder when 474980 is divided by 326?
324
What is the remainder when 5454 is divided by 84?
78
What is the remainder when 686 is divided by 25?
11
Calculate the remainder when 43070 is divided by 812.
34
Calculate the remainder when 1574 is divided by 98.
6
What is the remainder when 5940 is divided by 69?
6
What is the remainder when 3159 is divided by 177?
150
What is the remainder when 14261 is divide